et x = 1 - 0. Suppose 4 = -3*v - 2. What is the units digit of v*x/(-3)*3?
2
What is the tens digit of (1*-6)/((-4)/22)?
3
Suppose -2*q + 5*l = 5, -5*l = 5*q - 1 - 4. Let s be ((-1)/2)/((-1)/6). Suppose -s*h - 2*h + 10 = q. What is the units digit of h?
2
Let n be 2/(-8) - (-13)/4. What is the units digit of 9/15*15/n?
3
Let p(l) = 5*l**2 - l - 6. What is the units digit of p(-3)?
2
Let i(p) = p**3 - 4*p**2 - 4*p - 5. Let a be i(5). Let c = 9 - a. What is the units digit of c?
9
Let v be -1 + -4*(0 + -1). Suppose 0 = n + 5*z + 6, -v*n - 7 = z - 45. What is the tens digit of n?
1
What is the tens digit of 2 + (8/(-20) - 764/(-10))?
7
Let y(q) = q**3 - 6*q**2 + 6*q + 1. Let p be y(5). Suppose -p = 2*v - 4*v. Suppose -2*c = -0*c + h - 13, v*c - 5*h = 0. What is the units digit of c?
5
Let j(i) = -1 + 2*i - 4*i + 2 + 4*i. Suppose 2*s - 8 = -g + s, s - 11 = -2*g. What is the units digit of j(g)?
7
Suppose z + 6*y - 24 = 3*y, -96 = -4*z - 2*y. What is the tens digit of z?
2
Let q(g) = g**3 - 7*g**2 - g + 9. Let z be q(7). Suppose 0 = -3*p - 3*k, 2*p - k - 10 - z = 0. What is the units digit of (p/(-6))/((-2)/15)?
5
Let n(k) = -9*k**3 - 15*k**2 - 13*k + 25. Let q(t) = 4*t**3 + 8*t**2 + 6*t - 12. Let p(b) = -3*n(b) - 7*q(b). What is the tens digit of p(-11)?
4
Suppose 2*c + 0*x = 3*x + 151, x + 3 = 0. What is the units digit of c?
1
Suppose -2*w + 4*b = -230, 3*w - 300 = -0*w - 3*b. What is the hundreds digit of w?
1
Let k(f) = f**2 + 5*f + 2. Let c be k(-5). Suppose r - i = c*i + 16, 3*r + 5*i = 48. What is the units digit of r?
6
Let d(q) = -q**2 + q + 5. What is the units digit of d(0)?
5
Suppose 0 = h + 4*h + 2*y - 4, 0 = 3*h - 2*y - 12. Let f be (-2)/8 - (-2)/8. Suppose h*l - l - 6 = f. What is the units digit of l?
6
What is the hundreds digit of 5 + 288/((-6)/(-6))?
2
Let l be (0 + 2)*(-3)/(-6). Let k = l + -1. Let m = k - -5. What is the units digit of m?
5
Suppose -15*o = -2756 - 109. What is the hundreds digit of o?
1
Suppose 4*z + 65 - 17 = 0. Let o(y) = -y**2 - 13*y - 2. What is the tens digit of o(z)?
1
Suppose 0 = u - 4*c - 13, u + 5*c = -6 - 26. Let b(p) = -p - 8 - p + 0*p. What is the units digit of b(u)?
6
Let q(c) = -c**2 + c + 3. Let l be q(0). Suppose -l*h = h. Suppose h = -5*w + 20 + 20. What is the units digit of w?
8
Suppose -2*k - 2*i + 424 = 0, -4*i + 5*i = -4*k + 854. What is the hundreds digit of k?
2
Let d(v) be the second derivative of v**3/6 - v**2 - 2*v. What is the units digit of d(5)?
3
Let z(i) = -i**2 + 5*i + 7. Let y be z(6). Let g be 1/((1 + -2)*y). What is the units digit of g/3*-3 + 3?
4
Let b = 0 - -2. Let a(d) = 3*d**2 + 4*d - 3. What is the units digit of a(b)?
7
Let r = 41 - 8. Let a = r - 12. Suppose -9 = -3*o + a. What is the units digit of o?
0
What is the units digit of 81/(4 + (-1 - 2))?
1
Suppose 4*v + 4*o + 20 + 0 = 0, 5*v - 4*o = 20. Suppose v = -5*f + 26 + 14. What is the units digit of f?
8
Suppose -3*z + 3 = -0. Let b be (2 + z)/((-6)/(-8)). Suppose -r + 12 = b*c - 0*c, -5*r = c + 16. What is the units digit of c?
4
Let j = 2 - 0. Let o be 0 + (-1 - (-2 + j)). What is the units digit of (3 - 0)*o/(-1)?
3
Let j(t) be the second derivative of -t**3/6 - 3*t**2/2 - 2*t. Let c be j(-4). Suppose 5 = 4*r + c. What is the units digit of r?
1
Let r be (-1 - 153/(-12))*4. Suppose 0 = 4*u + r - 7. What is the units digit of (-36)/10*25/u?
9
Suppose -4*l = -14 - 14. Let n = 11 - l. What is the units digit of n?
4
Let z(k) = k - 7. Let s be z(6). What is the units digit of (s + 7)*2/4?
3
Suppose -3*p = -5*p + 4. What is the units digit of (-2 - -1)*(p - 33)?
1
What is the units digit of 1/(-2) - (-3)/(-12)*-298?
4
Let i = 33 + -21. What is the units digit of (-40)/i*(-3)/2?
5
Suppose 2*r + 462 = 4*r. What is the units digit of r?
1
Let v(a) be the first derivative of 2*a**3/3 - 3*a**2/2 - 7*a - 3. What is the units digit of v(-4)?
7
Suppose 4*y - 2*k = 6, 0 = y + 4*y + 5*k - 45. Suppose g + 129 = y*g. What is the units digit of g?
3
Let m be 2/(-5) + (-62)/(-5). Suppose -5*z + 2*z - q = -11, 4*z = -2*q + m. What is the units digit of z?
5
What is the units digit of ((-62)/(-3))/((-12)/(-18))?
1
Let f(d) = 2*d**3 - 5*d**2 - 4*d. What is the tens digit of f(4)?
3
Suppose -21*y = -15*y - 666. What is the hundreds digit of y?
1
Let j be 132*(1 + (-1)/2). Let w = -18 + j. What is the tens digit of w?
4
Let r(a) = 22*a**2 + 2*a - 2. What is the units digit of r(1)?
2
Suppose 3*s - s = 5*h + 18, 5*h + 14 = s. What is the units digit of s?
4
Let m(q) be the first derivative of -q**3/3 + 2*q**2 - 3*q - 3. What is the units digit of m(2)?
1
Suppose 0*q - 12 = -q. Suppose 2 = -4*l + 2*m, m = 4*l - 3*m + q. Suppose l*g + 0*g - 2 = 0. What is the units digit of g?
1
Let g(k) = k + 17. What is the units digit of g(-10)?
7
Suppose -15 = -n - 5*s, 5*n - 136 = n - s. What is the tens digit of n?
3
What is the hundreds digit of (0 + (-22)/(-4))/((-1)/(-26))?
1
Let j = 2 - 5. Let u = 36 + j. What is the tens digit of u?
3
Suppose 3*n + 6*c - 330 = 4*c, 5*n - 525 = 5*c. What is the tens digit of n?
0
What is the tens digit of ((-36)/(-21))/(1/14)?
2
Let x(n) = 5*n**2 + 1. Suppose -9 = -3*d + 9. Let b = d + -5. What is the units digit of x(b)?
6
Let x(m) be the first derivative of -2*m**2 - 5*m + 7. What is the units digit of x(-5)?
5
What is the tens digit of (-1407)/14*4/(-6)?
6
Let c = 339 - 130. What is the units digit of c?
9
What is the units digit of (1 + 412/(-4))*(-10)/4?
5
Let q = -15 + 10. Let p be 0/(-2) - 15/q. Suppose 3 = 3*t - p. What is the units digit of t?
2
Let t(b) = -b - 1. Let l(k) = -6*k - 10. Let g(n) = l(n) - 5*t(n). Let o be g(-6). Suppose o - 11 = -5*u. What is the units digit of u?
2
Let b(q) = 2*q**3 + 21*q**2 + 17*q + 18. What is the units digit of b(-8)?
2
Suppose r = c + 6*r + 11, c + 3*r = -3. Suppose 3*f = 3 + c. What is the units digit of f?
4
Let z(c) = c**2 + c - 9. Let w be z(14). Suppose -4*l - 13 = -w. What is the units digit of l?
7
Let s(a) be the first derivative of -a**3/3 + 3*a**2 + 5*a + 1. What is the units digit of s(6)?
5
What is the units digit of (-1)/7 + (-528)/(-21)?
5
Suppose -4*l = -l + 6. Let o be l*(-46)/4*1. Let k = o + -16. What is the units digit of k?
7
Let s(y) = -10*y - 14. What is the units digit of s(-6)?
6
Let f = 95 + -68. Suppose -3 = j - f. What is the units digit of j?
4
Let g(z) = z - 4. Let j be g(6). Let u be 0 + j*(-1)/(-2). What is the tens digit of u/(-1) + 16 - 2?
1
Suppose 4*o - 3*v = 4, v + 13 = -4*o + 1. Let b = o - -2. Let x = b - -13. What is the units digit of x?
3
Let g = -255 + 494. What is the hundreds digit of g?
2
Let s be 21/14*16/6. Let m(v) be the second derivative of v**4/12 - v**3/3 - 5*v**2/2 - v. What is the units digit of m(s)?
3
Let a = 2 + 1. Suppose 5*m - 17 = 4*n - 3*n, -3*n = a*m - 21. What is the units digit of m?
4
Let h(j) = -9*j**3 + j + 1. Suppose -3*o + 2*o = -4. Let s = -5 + o. What is the units digit of h(s)?
9
Suppose -2*i + 7 = i - 5*s, 0 = 3*i - 2*s + 8. Let h be (-2)/i - (-447)/9. What is the units digit of h/(-15)*6/(-4)?
5
Suppose 0 = -6*q + 213 + 57. What is the tens digit of q?
4
Suppose -x = 3*f + 13 - 2, -2*x = -4*f + 72. What is the tens digit of 2*(0 + x/(-4))?
1
Let c(q) = -q. Let y(l) = 2*l**2 + 3. Let z(v) = -5*c(v) + y(v). What is the tens digit of z(-4)?
1
Suppose b = -2 - 0. Let u(o) = -2*o**3 + 2*o**2 + o - 2. Let k be u(b). Suppose f = 5*v + k, 4*f - 61 = 2*v - v. What is the units digit of f?
5
Let i = -7 + 5. Let p = i - -16. What is the tens digit of p?
1
Suppose 12 = 2*h + 16. What is the units digit of -1*(h/(-2) + -16)?
5
Let p(f) be the second derivative of -f**5/20 + 5*f**4/6 + 2*f**3 - 3*f**2/2 + 4*f. Suppose -8 = -z - r, 4*r - 8 + 20 = 0. What is the units digit of p(z)?
8
Suppose 8 + 4 = a. Let h = a - 0. What is the units digit of h?
2
Let f = 262 - 187. What is the tens digit of f?
7
Let v be (-3)/(-2)*(3 + -1). Suppose 5*d = -5*a + 195, v*a + 0 = 2*d + 122. What is the tens digit of a?
4
Let z(j) = -j**2 - 2*j + 5. Let i be z(-4). Let c = 3 + i. Suppose -12 = -3*r - c*r. What is the units digit of r?
4
Suppose 0 = 5*m - 4*r - 27, 2*m = -2*m - 5*r - 3. What is the tens digit of 5/(15/22)*m?
2
Let w(i) = 3*i - 2*i + 2 + i - 5*i. Let h be w(2). Let c = 11 + h. What is the units digit of c?